What is the tens digit of h(z)?
1
Let i(s) = -s**3 - 9*s**2 + 21*s. Let x be i(-11). Let p be (-1 - -2 - 1) + 0. Let d = p + x. What is the tens digit of d?
1
Let j(r) = -41*r + 6. What is the tens digit of j(-2)?
8
Let v(u) = -2*u - 1. What is the units digit of v(-4)?
7
Suppose 5*j - 15 = c + 2, -3*c - 4*j = -44. Suppose -32 = -5*l + c. What is the units digit of l?
8
Suppose 0 = -5*a - 1 + 41. Let r(v) = -v**3 + 9*v**2 - 9*v + 5. Let h be r(a). Let i = h + 5. What is the units digit of i?
2
Let u(s) be the first derivative of s**2 + 6*s + 2. Let f be u(5). Suppose 0 = -3*d - 4*c + 2*c + 11, -f = -4*d - 4*c. What is the units digit of d?
3
Suppose 4*m - 5*u = 35, 2*u + 27 = 3*m - 2*u. Suppose -m - 3 = 4*o. What is the units digit of (o/(-3))/(2/21)?
7
Let x(o) = 7*o + 77. What is the units digit of x(21)?
4
Suppose 4*i = -0*i - 680. What is the tens digit of 1/(-4) + i/(-8)?
2
Let q(h) be the first derivative of -h**3/3 + 4*h**2 + 11*h + 1. Let g be q(9). Suppose g*l + 21 + 3 = 2*u, 5*l = -15. What is the units digit of u?
9
Let l be -2 + 2*1*-3. Let w(y) = 6*y - 4*y + 2*y + 13 - 3*y. What is the units digit of w(l)?
5
Suppose -3*f = -26 - 10. What is the tens digit of (-32)/f*(-27)/4?
1
Let x(a) = 2*a + 5. Let g be x(-6). Let u = -10 - g. Let l = -2 - u. What is the units digit of l?
1
Let s be (-6)/8*(-16)/4. Suppose 2*z = -3*k + 26, 5*z = s*z + 5*k + 10. What is the tens digit of z?
1
Let l be (-4)/(60/(-63))*5. Suppose -1 + l = 4*o. Suppose -n = -o*n + 8. What is the units digit of n?
2
Let j(b) = 2*b**2 - 3*b - 1. Let q be j(3). Suppose -w + 1 = -q. What is the units digit of w?
9
Let y be 2 + 148 + (0 - -2). Suppose 7*h - y = 3*h. Suppose -3*d - 2*o + 49 = -3*o, 2*o + h = 2*d. What is the units digit of d?
5
Let s = 7 - 3. Suppose -v = s*m - 6, -14 + 76 = 4*v - 3*m. What is the tens digit of v?
1
Let t = -4 - -6. Let r be (t/(-4))/(2/(-12)). What is the units digit of 6/45*r*5?
2
What is the units digit of (-8)/(-6)*(593/2 + 2)?
8
Let q = 9 - 6. Suppose q*x = -s - 32, 3*x - 5*x - 3*s - 33 = 0. What is the units digit of (-6)/x*(-18)/(-2)?
6
Let k = 60 + -23. Let r = -22 + k. What is the tens digit of r?
1
Suppose 6 = r - 19. What is the units digit of r?
5
Let v = -4 - -7. Suppose 6 = v*x - 0. Suppose -58 = -5*u + 5*z - x*z, 0 = -4*u - 5*z + 76. What is the tens digit of u?
1
What is the units digit of ((-2)/(-8))/(16/3904)?
1
Suppose z - 2*z - 4*y = -131, -292 = -2*z + 2*y. What is the hundreds digit of z?
1
Let w = -6 - -6. Suppose 0 = -w*k + 3*k - 36. What is the units digit of k?
2
Let t = 1 - -5. What is the units digit of t + 2*(-3)/6?
5
Suppose 2*v + 6 = 4*v. Suppose v*b - 11 = 1. Suppose -8 = -2*t - 2*k, 7*t - b*t - 4*k = 19. What is the units digit of t?
5
Let o = -18 + 82. What is the tens digit of o?
6
Let z(c) = c**3 + 10*c**2 + 12*c + 1. What is the tens digit of z(-8)?
3
Let w = 170 + 33. Suppose 0 = -4*u + o + 186, -3*u - o + w = 60. What is the tens digit of u?
4
Suppose 0 = -2*b + 4*i + 12 - 4, -2 = -2*b - 2*i. Let h be (0 + b)*2*-2. Let f = -5 - h. What is the units digit of f?
3
Let l = -131 - -310. What is the units digit of l?
9
Suppose 64 = 5*d - y - 117, -4*d + 168 = 5*y. Suppose -4*i = 1 - d. Suppose i = 5*u - 4*v - 39, 2*u = -4*v + 8. What is the units digit of u?
8
Let v(s) = 53*s**3 + 6*s - 7. What is the tens digit of v(1)?
5
Suppose -22 = -5*i - v, -4*i + i + 5*v = -30. Suppose -10 - 25 = -i*g. Suppose 9*d = g*d + 42. What is the units digit of d?
1
Suppose 4*b - 7*m + 5 = -2*m, 5*b = 4*m - 4. Suppose b = -2*c - 4*c + 246. What is the units digit of c?
1
Let v be ((-2)/6)/((-1)/15). Suppose 0 = -4*a - i + 37, -3*a - i = 2*i - 30. Suppose -4*b + v*j = -3*b - 7, -j = -4*b + a. What is the units digit of b?
2
Let i be (3 - 5 - 23)/(-1). What is the tens digit of 390/i + (-3)/5?
1
Suppose -7*n + 20 = -6*n. Suppose -4*t = n - 108. What is the tens digit of t?
2
Let p = 74 - 49. Let y = p - 14. What is the tens digit of y?
1
Let d(x) = -29*x - 1. What is the tens digit of d(-1)?
2
Let d be 18/(-4)*(-8 + 0). Let p = d + -20. What is the tens digit of p?
1
Let l(d) = -d**2 + 32*d + 15. What is the tens digit of l(14)?
6
What is the units digit of 60*-9*(-5)/10?
0
Suppose 2*f = 6*f - 180. Let p be 25/20 - 1/(-4)*3. Suppose 3*v + p*k = -v + 46, -2*k = -3*v + f. What is the units digit of v?
3
Let g = 188 - 51. What is the tens digit of g?
3
Let f(p) = -p + 4. Let d = -3 - 0. What is the units digit of f(d)?
7
Let d(h) = -h - 3. Let p be d(0). Let b(j) = 10*j - 4. Let c be b(p). What is the units digit of c/(-4) - (-2)/4?
9
Suppose -3*h + 8*h = -15. Let g be 0/(-1 + -3 - h). Suppose -4*t = -g - 4. What is the units digit of t?
1
Suppose 19 = 2*h - 5. What is the units digit of h?
2
Suppose -q = -3*q + 5*u - 33, 0 = -3*q + 5*u - 37. Let s = 2 - q. What is the units digit of s?
6
Suppose 4*l + 0*l - 160 = 0. What is the tens digit of l?
4
What is the units digit of 2044/20 + 4/5?
3
Let w = -4 - -10. Let j be 2*(-2 + 21/w). What is the units digit of 4 + 0/((-3)/j)?
4
Suppose 5*p = -3*a + 184, -2*a + 187 = 5*p + 2*a. Suppose -3 - p = -2*s. What is the tens digit of s?
1
Let i(n) = -n + 1. Let w(v) = -v**2 + 7*v - 5. Let t(p) = -5*i(p) - w(p). What is the units digit of t(4)?
8
Let h(m) be the third derivative of -m**6/120 + 7*m**5/60 - m**4/12 + 5*m**3/6 - 6*m**2. What is the tens digit of h(5)?
4
What is the tens digit of (-22)/33 + 166/6?
2
Let i(o) = -3*o - 2 + 2*o + 3*o. Let k be (28/8)/((-3)/(-6)). What is the units digit of i(k)?
2
Suppose 4*d - p + 53 = 13, -2*d = -4*p + 20. Let g = -6 - d. What is the units digit of g?
4
Let p be 4/6 - 8/(-6). What is the units digit of p/(-7) - 484/(-77)?
6
Let f = -4 + 28. What is the tens digit of f?
2
Let i be (-3)/6*-12 + -2. What is the units digit of 38/i + 5/10?
0
Let z(f) = f + 5. Let q(v) = -v**3 + 9*v**2 - 7*v - 11. Let i be q(8). What is the units digit of z(i)?
2
Suppose -8*j + 28 = -4*j. Suppose j*p - 104 = 3*p. What is the units digit of p?
6
Let j = -4 + 6. Let x(f) = -3*f**2 + f. Let u(c) = -3*c**2. Let p(h) = j*x(h) - 3*u(h). What is the units digit of p(-2)?
8
Suppose -7*t = -513 - 194. What is the units digit of t?
1
Suppose -5*m + 0*m = 0. Suppose -17 = -k - m. What is the tens digit of k?
1
What is the tens digit of 1/6 + 7315/30?
4
Let g be -18*(4 + (-28)/8). Let l(d) = d - d - d + 0. What is the units digit of l(g)?
9
Let z(q) = -q**2 + 9*q - 2. Let m be z(8). Suppose -2*a + 3 = 3*x - m, -5*a + 16 = x. What is the units digit of a?
3
Suppose -d = 4*r + r - 66, -3*r - 4*d + 43 = 0. Let l = 6 - 13. Let v = l + r. What is the units digit of v?
6
Suppose -5*b + n = -30 - 18, 2*b - 10 = 5*n. Suppose 2*h + 5*q - 120 = -3*h, q = 2*h - 33. Let r = h - b. What is the units digit of r?
9
Suppose -q = 3*q. Let n be 1/(-2*1)*q. Suppose n = -4*r + 9 + 23. What is the units digit of r?
8
Suppose 0 = -k + c - 2, -2*c + 4 = -2*k + k. Suppose 0*h + 2*h = k. Suppose 2*v - 6 = -h. What is the units digit of v?
3
Suppose 0 = -3*x + 93 + 201. What is the units digit of x?
8
Let k(i) = 11*i**2 + 13*i + 1. What is the units digit of k(-4)?
5
Let p = -65 + 92. What is the tens digit of p?
2
Let j = -33 - -68. What is the tens digit of j?
3
Let v(d) = -d + 10. Let q be v(7). Let g = q - -2. Suppose 0 = -3*c + g + 19. What is the units digit of c?
8
Suppose -w = 2*w - 429. What is the tens digit of w?
4
Suppose -3*r + 6*r + 41 = -q, -4*q - 8 = 0. Let d = r + 22. Suppose -m + 0*m + d = 0. What is the units digit of m?
9
Suppose z = -2*z. Let l(b) = -b**2 - b - 11. Let h(v) = -2*v**2 - 2*v - 23. Let x(u) = 3*h(u) - 7*l(u). What is the units digit of x(z)?
8
Let r(i) = 32*i - 39. What is the hundreds digit of r(12)?
3
Suppose 3*a + 4*x = 14, a + 4 = -0*a + 3*x. What is the units digit of a - -2*(-3)/(-6)?
3
Let d = -22 - -24. Let s = d + 39. What is the tens digit of s?
4
Suppose -x + 6*x - 60 = 0. Let b be ((-21)/x)/((-3)/(-12)). Let q = -2 - b. What is the units digit of q?
5
Let s(x) = -x**2 - 11*x - 13. Let n be s(-9). Suppose u + 9 = 2*r, -r + 4*u + 3 = n*u. What is the units digit of r?
4
Let v = -1 - -1. Let i = 23 + -23. Suppose -w = -i*a - 4*a + 33, v = 5*a + 2*w - 25. What is the units digit of a?
7
Let p(n) be the first derivative of n**2/2 - 4*n - 1. Let q be p(6). Su